6 - -3))
-7
5 + -18 - -5 - (-6 + 2)
-4
What is 1 + -7 - (-14 + 7 + 0)?
1
Calculate -7 + (4 - 7) + 5.
-5
Calculate 5 + 2 + (6 - 20) + 1.
-6
What is -34 + 29 + 0 + 1?
-4
What is the value of 0 + -4 + 1 + -3 + 9?
3
What is 0 + 2 + (10 - 17) - -1?
-4
Calculate -4 + 4 + -3 + 3.
0
Calculate 12 - (-12 - (-8 + -8)).
8
What is -5 + (3 - -3) + -1?
0
Evaluate -8 + (10 - (0 + -6)).
8
Evaluate -5 + (-2 - -2) + 4 - -4.
3
What is 4 + (-1 - -2 - -2) - 2?
5
Calculate -13 + 2 - (-24 - -13).
0
What is 1 + (2 - 1) - (14 - 17)?
5
What is the value of -2 + 8 + (1 - 4)?
3
What is 3 + (-1 - 7) + 2?
-3
Evaluate (25 - 11 - 10) + (-6 - -1).
-1
2 + (-6 - -11) + (-2 - 4)
1
-3 + 3 + (5 - -4) + -4
5
What is the value of 30 - 31 - (1 + (2 - 0))?
-4
What is the value of -1 - (-3 - -6 - 2)?
-2
What is -1 + 14 + (-8 - -10 - 8)?
7
What is the value of 2 - (-4 + 5) - -3?
4
Evaluate (-3 - -7) + 14 + -9 - 3.
6
What is the value of (2 - 5) + -4 - -12?
5
What is the value of 0 + -2 + -8 + (1 - -17)?
8
Evaluate (1 - -5) + (37 - 44).
-1
What is (4 - 5) + 4 - 5?
-2
What is the value of -2 + 4 - (8 + -9)?
3
What is (-7 - (-2 - (-1 + 0))) + 4?
-2
What is the value of -2 + 4 + (6 - 2 - 3)?
3
Calculate 2 + -2 - 2 - (-26 - -23).
1
Calculate -10 + 12 - (1 + 2).
-1
What is -2 + 1 + 1 + -2?
-2
What is the value of (14 + -13 - (4 + -1)) + 2?
0
Calculate -2 - (-4 + 5 + 2 + -1).
-4
What is (-2 - -2 - 3 - -2) + 2?
1
What is the value of -5 - -1 - (3 - (7 + -5))?
-5
Calculate (3 - (-4 + 0)) + -5 - 5.
-3
(2 - 1) + 0 + 0 - 4
-3
-3 - 0 - (1 + 0)
-4
Evaluate (8 - (-3 + 6)) + -5 - 4.
-4
Evaluate 19 + -16 - (2 - -4) - 7.
-10
Evaluate 6 - (-1 - (2 + -7) - 2).
4
Evaluate 7 - (2 + 4 + (-13 - -10)).
4
What is -11 + 5 + (10 - 1) + -2?
1
Evaluate (-5 - -4 - (3 - 3)) + -4.
-5
Calculate (1 - (-8 + 6)) + 3 - 10.
-4
Evaluate (6 + -5 - -5) + -6.
0
What is the value of -3 - (1 + -9 - -2) - 2?
1
What is 8 - (6 + 1 + 6)?
-5
Evaluate (2 - 2) + -5 + 3 + -4.
-6
Calculate 4 - 4 - -3 - 3.
0
(-3 - -5) + (15 - 17)
0
Calculate -4 - (6 + (-1 - 3)).
-6
Calculate 2 - 4 - (-1 - -1) - 0.
-2
What is (-22 - -17) + -1 + 2?
-4
Calculate 3 + (-3 - -1) - (1 + -1).
1
Evaluate (-8 - -4) + 1 + 2 - -3.
2
Calculate -3 - (-7 + 19 + -17).
2
What is the value of -7 - -4 - (-5 + 0)?
2
What is the value of (-4 - -11 - 10) + (9 - 0)?
6
What is the value of -9 + 21 + -7 + 0 + 2?
7
(0 - -4) + (5 - 8)
1
What is 2 - (6 + 0 - (13 + -11))?
-2
What is the value of 1 + (1 - (-3 + 7))?
-2
What is (0 - -1) + -3 + 8 + -3?
3
Evaluate 2 + -3 + -1 + 3 + -3.
-2
Evaluate (9 - 9 - (-2 - -10)) + 5.
-3
What is 3 + (-9 - 1) + 6?
-1
What is 29 - 26 - ((-3 - -5) + 3)?
-2
What is -3 + 0 + (2 - -1)?
0
What is -14 + (11 - 8) + 6?
-5
Evaluate 8 + (2 + 0 - 17) - 2.
-9
Calculate 11 - -2 - 7 - 2.
4
Calculate 1 + 8 + -5 + -2.
2
What is 7 + -18 + (5 - 1) - -2?
-5
What is the value of (-1 + 0 - 3) + 18 + -15?
-1
Evaluate 9 - (10 + -4) - -1.
4
Evaluate 1 + -2 - (-8 + 27 - 10).
-10
What is 1 + 4 - (-6 + 13 + -6)?
4
What is -3 + (3 - (-4 - 1))?
5
Evaluate (2 - 0) + -5 + 6.
3
Calculate (-1 - 2) + -3 + -2 + 10.
2
What is the value of 5 + -1 - (1 - -2)?
1
What is -5 - 0 - (-5 + 5)?
-5
Calculate (-12 - (-10 - -5)) + 4 + 6.
3
Calculate 4 - 2 - (2 - (7 + -3)).
4
Calculate ((2 - -2) + -5 - -2) + -2.
-1
Calculate (3 - (6 + -4)) + 0.
1
What is the value of 5 + 2 + -6 + 0?
1
What is the value of -1 - 2 - (0 - (-6 + 9))?
0
-1 + (-4 + 7 - -1) - 2
1
2 + (-2 - 6) + (-1 - -4)
-3
Calculate 4 + (0 - 3) + (1 - -2).
4
(-5 - 0) + -7 + -4 + 18
2
(0 - 2) + (-2 - -5) - 1
0
Calculate 3 + (-7 - -3 - -3) - 6.
-4
Calculate 101 + -106 - (-4 - -1).
-2
What is -56 - -54 - (1 - 3 - 4)?
4
Calculate 42 + -49 + (-1 - -6).
-2
Calculate 4 + (5 + -1 - 9).
-1
1 + (2 - (3 - 4))
4
Evaluate 8 + (-8 + 5 - 4).
1
What is the value of (-1 - -1) + 4 - 6?
-2
Evaluate -1 + -5 + (-107 - -116).
3
What is the value of 1 + (-2 - (-4 - -5))?
-2
Calculate 0 + 5 + 2 + -4.
3
What is (2 - -5) + (-3 - -7 - 6)?
5
Calculate -1 + -3 + 2 + 109 + -111.
-4
What is the value of (-11 + 1 - -1) + 9?
0
What is 1 + -2 + -6 + (126 - 124)?
-5
What is the value of -61 + 66 + 0 + 0 + -2?
3
(6 - (10 + 7 - 5)) + 3
-3
Evaluate -11 + (-12 - -9) + 8.
-6
What is the value of (-4 - -4 - 4) + -1 + 0?
-5
-12 + 0 + 1 + 5
-6
-10 + 8 + -10 + 5
-7
Calculate -7 + (12 - 4) + 5.
6
What is the value of (-4 - -6) + (1 - -1) + 0?
4
Evaluate -6 + -8 + -3 + 23.
6
Calculate 1 + (1 - -2) + 3 + -1.
6
What is (9 - 1) + (-5 - -5) + -4?
4
Calculate 4 + -9 - (1 + -11).
5
Evaluate 2 + (8 - 1) - 4.
5
What is the value of 1 + (1 - (-1 - 0) - 4)?
-1
Calculate -6 + 11 + -8 - -5.
2
Evaluate 0 - (-9 + -4 - -10).
3
Calculate 0 + -5 - (12 - (22 - -2)).
7
What is -4 + (1 - 0 - 1)?
-4
What is the value of 3 - (-2 - (10 - 6))?
9
-1 + (4 - (1 + 7))
-5
Calculate -4 - (-8 + 3 + 0).
1
What is -4 + 1 + 2 + 2?
1
Calculate -1 + -18 + (15 - 1).
-5
What is 6 - (-7 + 4 + 12 + -6)?
3
Evaluate (1 - (-6 + 8)) + (-1 - -1).
-1
Calculate (-4 - (-3 - 0)) + -1 - -3.
1
What is (45 - 38) + (4 - -1) - 4?
8
5 - (8 - (-1 + 4))
0
What is -2 + (3 - (3 - 4) - 8)?
-6
Evaluate 2 - (-1 + 0 + -4 + 11).
-4
5 + (-4 - -1) + (-7 - -7)
2
Calculate -6 - (-10 + 13 + -1).
-8
16 - 18 - (2 - (-1 + 8))
3
What is the value of 8 - (-12 - -7 - -10)?
3
What is (0 - 6) + 1 + 91 + -92?
-6
What is the value of -3 - (0 + (1 - -1))?
-5
Evaluate 3 + -1 + (-3 - 0).
-1
Evaluate 1 - (-3 + -3 - -9).
-2
1 + 0 + (-3 - (0 + 3))
-5
Evaluate (4 - 8) + 2 + -1 + 6.
3
What is the value of 8 - (5 - (11 + -10))?
4
2 + 4 - 1 - -1
6
What is the value of -78 + 78 + (4 - (1 - 0))?
3
Calculate 1 - (-4 + -1 + 2).
4
What is the value of 4 + -8 + -5 + 5 + -2?
-6
Calculate -5 + 0 + (19 - 13).
1
Calculate 4 + 2 + 1 + -6.
1
(-4 - (-4 + 3)) + (8 - 5)
0
Calculate -3 - ((3 - 4) + 1).
-3
What is the value of (-3 - -6) + -3 + 0?
0
1 + -5 + 6 + 2 + -7
-3
What is the value of (3 - -2 - 3) + 2 - 1?
3
What is (-2 - -4) + -5 + -2?
-5
What is (-11 - (-6 + -3)) + (2 - 7)?
-7
(-9 - -5) + 7 - -1 - 4
0
(5 - (3 + -2 + 2)) + 0
2
What is the value of 0 - (-8 + (11 - -1))?
-4
Evaluate (-3 - -1 - -7) + -9.
-4
-20 + 8 + 8 + 1
-3
Calculate 3 + (6 - 3 - 1) + -5.
0
What is the value of (7 - 4) + 6 + -3?
6
Calculate 31 + -24 + (5 - 5).
7
(4 - -1) + -6 - (-4 - 0)
3
What is the value of (-1 - 2) + 13 - 5?
5
(-4 - (-3 + 8) - 6) + 8
-7
What is the value of -10 + (10 - -9) + -4?
5
Evaluate -3 + 6 + (0 - (-3 + 4)).
2
Evaluate -5 + 1 + 1 + 86 + -87.
-4
What is the value of (3 - 7) + (-5 + 6 - 0)?
-3
Calculate -10 + 14 + (-3 - -1 - -3).
5
Calculate (3 - 0) + -6 + 7.
4
What is the value of (1 + -1 - -1) + (-119 - -123)?
5
What is the value of 4 + (-2 - 0) + (13 - 10)?
5
What is the value of -2 - (-1 - (0 + 6))?
5
What is -4 - 0 - (77 - 77)?
-4
Calculate -2 - (-1 + -10 - -6).
3
What is the value of (-1 - 0) + (1 - (0 + 3))?
-3
What is 3 + -10 + 0 - (-3 - 0)?
-4
Calculate -6 + 3 + (1 - (1 + 3)).
-6
What is the value of 0 + -10 + 20 + -5?
5
Calculate (6 - 5) + (1 - -6) + -3.
5
Calculate 4 + 2 + 1 + -2.
5
Evaluate 2 + (3 + -4 + 4 - 1).
4
What is the value of -2 + 2 - (-9 - (-11 + 2))?
0
What is (11 - 17) + (6 - 1)?
-1
What is the value of -5 + -2 + 6 + -7 + 7?
-1
12 + -8 + (2 - 6)
0
8 + -8 - (1 - -4)
-5
Calculate -2 + 0 + -4 + 4 + 0.
-2
What is the value of -1 + 0 - -7 - (-207 + 206)?
7
Evaluate (6 - (7 + -3)) + (5 - 4).
3
What is (-5 - (7 + -4)) + (7 - 3)?
-4
Calculate 6 + 0 - (4 + 1).
1
What is the value of -3 + (12 - (6 + 0))?
3
What is the value of -5 + (-4 - (-2 + -3))?
-4
Calculate -3 + (-3 - 2) + 4.
-4
-7 + (2 - (0 - 6)) + 7
8
Calculate -9 + (5 - -1) + 0.
-3
What is 3 + 1 + -6 + 2?
0
Evaluate (1 - 4) + 3 + 3.
3
What is -6 + (13 - 5) + -5?
-3
Calculate 1 - (-3 - (-7 - 3)).
-6
Calculate (-1 + -6 - -10) + (3 - -1).
7
What is 2 - (-4 - (3 + -16)) - -1?
-6
What is the value of (-78 - -64) + 0 + 12?
-2
Calculate -4 + 7 - (1 - -5).
-3
Calculate 16 - 11 - 16 - -11.
0
What is 8 + (-1 - 8) + 5 + 0?
4
Evaluate 3 + 14 + -8 + (4 - 6).
7
Calculate (5 - 0) + 66 + -74 + 6.
3
1 + -7 - (15 + -22)
1
0 - (-11 - -4) - 12
-5
What is 2 + (-4 - (-2 - -3))?
-3
What is 4 + -2 - (-2 + 2 + -3)?
5
What is 6 - (-5 + (10 - 3))?
4
-8 + 1 + (18 - 16) - -1
-4
What is the value of 8 - (3 - (-1 - -1))?
5
0 - (-2 + (-7 - -4))
5
Calculate 6 + (-9 - 0) + 3.
0
Evaluate -4 + 8 - (0 - -8).
-4
What is 1 + -4 + 2 + 2 + -5?
-4
-2 + -1 + 